2 + 112 + -3 + -5 + -4?
87
Calculate -42 - (20 + 34 + -99).
3
What is the value of -100 + (109 - -7) - 20?
-4
What is the value of 29 + (-70 - (-2 + -13))?
-26
Calculate -88 - (0 + -3) - (-32 - (-44 + 19)).
-78
What is the value of 53 + 11 - 75 - ((1 - 2) + -15)?
5
Evaluate 9 - (15 - 9) - (19 - -37) - -6.
-47
2 + -29 - (-4922 - -5023)
-128
What is the value of -34 + 148 - (-38 + (68 - 8))?
92
-1 + -5 + (28 + -31 - 11)
-20
What is the value of (10 - 114) + (8 - -75 - 103)?
-124
What is 32 + (-3 - 17) + 3 + (-1 + -1 - 70)?
-57
Evaluate -15 + (-2 - -12 - ((0 - 46) + (-373 - -358))).
56
Evaluate (4 + (6 - -1) - (24 - 32)) + -55.
-36
What is the value of (-5 - -30 - 13) + (-4 + 2 - 25)?
-15
-10 + 7 + -10 + -1 + 42 + 1
29
Evaluate 60 - 29 - 33 - (-4 - 18).
20
What is the value of 3 - 3 - -53 - (-7 + -1 - (-40 + 16))?
37
What is -125 + (124 - -53) + -112?
-60
Evaluate 19 + -40 - (-23 + 0) - -13.
15
Evaluate 3 + (-13 + 3 - (24 - (-75 + 24))) + -1.
-83
Evaluate -6 - (24 - (-2 - -15) - 8) - 10.
-19
Evaluate 2 - (-821 - -824 - (-6 - (-1 + 1))).
-7
What is 48 - (-88 - -92 - 2)?
46
What is the value of (-75 - 22) + 3 + (-35 - (10 + -21)) + 8?
-110
What is (-20 - -1) + 7 + (0 + 8 - -2) + 11?
9
Evaluate -20 + (25 - -8) + -13 + 0 + -73.
-73
Calculate -99 + 106 + -61 - -122.
68
What is -27 + (7 - 56 - -43)?
-33
What is 11 + (-146 - -93) + -46?
-88
What is -55 + -1 - (26014 + -25976)?
-94
What is -154 + 113 - -54 - -79?
92
47 + -62 + -48 - -52
-11
What is the value of -158 + 204 + -59 + 64?
51
4118 + -4125 - ((-2 - -3) + 16 + 2)
-26
Evaluate 1 + -42 + -2278 + 2317.
-2
What is 4 + 14 + -23 + -6 - (-1 + -13)?
3
Evaluate 16 + -3 + -3 + (-18 - -2) - (3 - -1).
-10
What is the value of -31 + -23 + -37 + 49?
-42
What is the value of (-16 - -21) + -82 + 77 + (-1 - 39)?
-40
What is the value of -3 + (21 - -38) + -83?
-27
28 - (7 + -8 - (-1 - -12))
40
What is the value of -40 - (-14 - -14) - -12 - (-7 + (4 - 4))?
-21
What is -93 - ((54 - 63) + -143)?
59
Calculate -16 + (3 - 1) - (83 - (-32 - -3 - -69)).
-57
Evaluate (45 - 0) + (6 - 7) + 10 + (31 - 27).
58
Evaluate 44 + -26 + -1 + -48 + (4 - -1).
-26
What is (-113 - -109) + (5 - -11)?
12
What is (-39 - 5) + (47 - -7)?
10
What is 93 + 76 + 30 + -130?
69
Calculate -6 - (3 + -11) - 92 - (-92 + 92).
-90
What is the value of (13 - -13 - 13) + 39 + -17?
35
Calculate (39 - (-32 + 117)) + 35.
-11
Evaluate -6 - 10 - (16 + -31) - (-1 + -93).
93
5 + -15 + (-5 - (7 - -14)) + 8
-28
10 + (-2 - (-12 - -20) - 5) - 14
-19
Evaluate 24 + -3 + -34 + 63.
50
(14 - 10) + (0 - 77) + (-46 - -53)
-66
Evaluate 15 - 6 - (-3 + -1) - 7.
6
Calculate 16 - 12 - (15 + 1) - (5314 - 5404).
78
What is the value of (6 + 9 + -18 + 15 - 6) + 19?
25
(-2 + 7 + 4 - 95) + (-30 - -24) + 0
-92
What is -140 + 155 - (6 - (17 + 12))?
38
What is -48 + (123 - -1) + (11 - (10 - 6))?
83
Evaluate (44 + 76 - 88) + (-90 - 1).
-59
10 + -44 + (-35 - -35) + (0 - -1)
-33
What is the value of (3 + -13 - 17) + -3 + 18 + 14?
2
Calculate (-26 - 1) + 27144 + -27183.
-66
Calculate (34 - 86) + 108 + -79.
-23
39 - (23 + (81 - 24))
-41
What is the value of 47 + -13 + -79 - -96?
51
Evaluate (-365 - -355) + (-6 - -26 - 11).
-1
Calculate -72 - 31 - -82 - (-1 - 38) - -6.
24
What is the value of (-1 - (4 + 72 - -2 - 0)) + -1 - 2?
-82
What is 30 - (3 - -3) - (12 - (-3 - -8)) - -7?
24
Calculate 5 + -12 + -5 - (169 - 218).
37
Calculate 107 + 6 - (804 - 779).
88
-4282 - -4244 - (0 + -40)
2
2 - ((145 - 113) + -111)
81
What is the value of -95 - (-25 + 74 + -122)?
-22
-1179 - -1122 - (-39 + 1)
-19
What is 29 + -20 + -14 - (-17 + 3)?
9
What is the value of (-39 - (-25 - 10)) + -32?
-36
-10601 - -10557 - ((2 - 2) + 16)
-60
Calculate 99 + -1 - ((69 - 31 - 12) + -21).
93
Evaluate 29 + -25 + 1 + -17.
-12
Calculate (-6278 - -6290) + -3 + 0 + -83.
-74
What is (-2 - -41 - (159 + (-140 - -9))) + 1 + 83?
95
What is 15 + 13 + -108 - -18 - (0 + 1)?
-63
Evaluate 39 - (85 + (-74 - -41)).
-13
Calculate (1 - (-4 - -3)) + 1768 + -1777 - -130.
123
What is 22 + 2 + -6 + (-348 - -337)?
7
What is (4 - 4 - (12 + -8)) + (-5 - -32 - 79)?
-56
Calculate (2 - (-24 - -1)) + -2057 + 2145.
113
What is -78 - -6 - (-19 + (53 - 46))?
-60
Calculate 33 + 0 + -29 - -58 - -8.
70
What is (-25 - (-21 + -7)) + (10 - 2) + -20?
-9
Calculate -9 + 16 - 74 - -35.
-32
What is 2 + 3 - ((4 - (7 - 10)) + (0 - -57))?
-59
What is -6 - (-5 + -62 + 5)?
56
Calculate 1 + (-6 - -15 - -28) + (13 - 1).
50
Evaluate 0 - 93 - (-30 + 145 + -101) - -7.
-100
Evaluate -34 - (-6 - 10 - (-9 + 14)).
-13
Evaluate (18 - -27) + (-1 - 41).
3
What is 45 + (-31 - 8 - -43) + (0 - 11)?
38
What is 27 - (13 + (-8 - -17) + -16)?
21
What is the value of 11 - (6 - -5 - (8 - (8 - 9)) - -5)?
4
Calculate (49 - 16) + 9 + 0 + (-94 - -92).
40
Calculate (0 - 3) + 3 + (6 - 9) + -310 + 345.
32
Calculate 4380 + -4408 + (6 - (-1 - -3)).
-24
Calculate -31 - (-1 + (12 + 13 - 24)).
-31
Calculate (-35 - 9) + 27 - 3.
-20
(-77 - (49 - 184)) + (-21 - 1)
36
14 + (11 - 1 - (36 + -21) - -59)
68
Calculate 30 + -1 + (204 - 69) + -159.
5
Evaluate 9 + 6 + -9 + -2 + -4 - (-45 - 14).
59
What is the value of -200 + (-120 - -201) - ((-9 - -2) + -2)?
-110
What is (-14 - -23 - -8 - (0 - (1 - 6))) + -8?
4
Calculate 122 + -80 - (61 + -32 + -42).
55
Calculate (29 - 0 - 34 - 31) + 74.
38
-71 + (-13 + 47 + -16 + -15 - -10)
-58
What is the value of (-48 - (2 + -13 + -6)) + -12?
-43
37 - -7 - (-3 - (-4 + 6) - 2)
51
What is the value of 31 + (13 - 62 - -21)?
3
Calculate 33 - (-21 + -32 + (15 - -108)).
-37
Calculate 41 + (-1 + 2 - (-13 + 17) - (-3 - 0)).
41
Calculate -16 + (10 + -3 - -61) + (-1 - -11).
62
What is the value of -3 - (4 - ((5 - 12) + -1 + 12 + 4))?
1
What is (87 + -13 + 1 - 1) + 5 + 0 + -2?
77
What is -69 + 213 + -66 + -2?
76
Evaluate -6 - -12 - 89 - (-435 + 395).
-43
Calculate 15 - (-6 - -33) - -18.
6
-4 + (-9 - (-33 + 23 + (4 - -2)))
-9
Evaluate 0 - 1 - (-38 + (-22 - -36) - -19) - 43.
-39
What is the value of 11 - (-1 + 12 + -19 - 1) - 1?
19
What is the value of ((5 - 59) + 9 - -12) + 14 - -6?
-13
Calculate (93 - 54) + -165 + 182.
56
What is 1 - -5 - (31 + -9 - 8)?
-8
11 + 2 + -4 + -1 + -24 + -1 + 12
-5
Calculate 91 - (9 + (0 - 19) + 38).
63
Calculate 114 + -59 - (37 + 22).
-4
What is -95 - (-13 + (17 - 1 - 12 - -6))?
-92
Evaluate 6 + 6 + -32 + (-6 - (-2 - 9)).
-15
-17 + -2 - -50 - 49
-18
Calculate 3 + -12 + 41 + (8 - (-3 + (-1 - -4))).
40
What is the value of (-17 - 0) + -23 + 71 + -41 - (42 + 1)?
-53
What is 0 + 17 + (-62 + 19 - -22)?
-4
What is -15 + (64 + -4 - 19)?
26
(-39 - -14 - 13) + 4 + -8
-42
Evaluate 4 - (-4 + 1 - 5) - (-5123 - -5109).
26
What is 1642 + -1691 - (-88 - -1)?
38
What is -34 - (19 - 48) - -24?
19
What is (-1520 + 1557 - (44 + 2)) + (-18 - 1)?
-28
What is the value of -128 + (-373 - -364 - (-1 - (-3 + 24 + -2)))?
-117
What is the value of 12 + ((-5 - 14) + 30 - 68)?
-45
Calculate (1 - 2) + 9 - (20 - (32 + -38) - 46).
28
-25 - (-1 + -1) - (221 - 193)
-51
Calculate (17 - 7) + -35 - -1.
-24
What is the value of -19 - (19 - (-1 + 4)) - -10?
-25
Calculate -13 + 77 - (-51 + 156).
-41
What is 41 + -86 - (25 - 67)?
-3
Calculate 50 - (53 - 114 - -140).
-29
1 + (33 - (48 - -51))
-65
Calculate 2 + -2 - (-31 + 2 - (141 - 152)).
18
(823 - 763) + -23 + 1 + 3
41
72 - 35 - 19 - (10 + 0)
8
Evaluate 26 + 5 + -20 + (-15 - (-5 - 5)).
6
Evaluate (-59 - 1) + (-982 - -955).
-87
What is -1895 + 1865 - (122 + 2)?
-154
Calculate 18 + 1 + -8 - (-1 - -25 - (0 + -2)).
-15
What is 16 + (31 - 52) + 2 + 4 + -15?
-14
Calculate 12 + 6 + (-580 - -593).
31
-58 - (1 - (12 + -10 + 8 + -14))
-63
What is (-3 - (93 - -1)) + 75 + -35 + 0 + -39?
-96
Calculate (-12 - 3) + (44 - (55 - 16 - 9)).
-1
What is (19 - -3) + -253 + 261 - -27?
57
Evaluate -11 + 15 + -11 + -12 - -12.
-7
Evaluate -16 + (-2 - 1) + 1 + (-9 - (-43 + 33)).
-17
(114 - 115) + (0 - (-5 + -20))
24
Calculate (-6 - (4 - (-4 + 4))) + 29 + 1 + 23.
43
-77 - 27 - -191 - 21
66
What is 39 + -267 + 50 + 63?
-115
What is 140 - 96 - (36 - -6)?
2
-10 + -16 - (10 - 1 - -15)
-50
What is -1 - -53 - (-36997 - -37082)?
-33
Evaluate 16 + (74 + -56 - (18 + 0)).
16
-18 + (-15 + (23 - 22) - (-2 + -27))
-3
Calculate (-8 + 35 - 30) + -7 + 116.
106
-17 + 27 + 6 + (79 - 1) + -8
86
What is the value of -16 - -3 - (-2 - -7) - 1 - (47 + -55)?
-11
0 + -107 - ((-160 - 329) + 525)
-143
